1 - -1)). Suppose 5*g + 107 = 2*s, -117 = -2*s + 3*g - h. What is the units digit of s?
6
What is the tens digit of 6 + 3223 + 7 + (-2)/(-2)?
3
Let z(m) = -m**3 - m**2 + 6*m - 12. What is the hundreds digit of z(-6)?
1
What is the units digit of (((-270)/20)/(-9))/(1/214)?
1
Let y = 7729 - 4665. What is the tens digit of y?
6
What is the units digit of (7 + 2452)*(4 + -3)?
9
Let m(c) = -c**3 - 20*c**2 - 43*c + 7. What is the hundreds digit of m(-18)?
1
Suppose 282 = r - 4*r. Let y = r + 162. Let q = y - 27. What is the tens digit of q?
4
Let u be 6*(40/15 - 2). Suppose 2*l - 29 = -5*t, -2*l - 9 = u*t - 35. What is the units digit of (l/(-21))/((-3)/414)?
6
Suppose 0 = -2*m + 5*s + 2322, 5*m - 7*s + 2*s - 5790 = 0. What is the thousands digit of m?
1
Suppose 4*t - t - 342 = 0. Suppose 2*c = -5*i + t + 83, -5*i - 358 = -3*c. What is the hundreds digit of c?
1
Suppose 411 = 2*v + 47. Let i be v/8 + 9/36. Suppose 3*h - 2*f - i = -6, -4*h = -3*f - 24. What is the units digit of h?
3
Let w = 283 - 489. Let d = -22 - w. What is the hundreds digit of d?
1
Let t(q) be the first derivative of -q**5/40 - 5*q**4/12 + 5*q**3/3 + 7. Let n(a) be the third derivative of t(a). What is the tens digit of n(-10)?
2
Let g = -238 + 148. Let f be (1 + 130)*(8 - 7). Let b = f + g. What is the units digit of b?
1
Let n be (-14)/(-28)*4*-119. Let h(z) = -z**2 + 6*z - 1. Let u be h(4). What is the tens digit of n/(-12) - u/(-42)?
2
Suppose -c + 619 = 2*h, 0 = -c - 3*h + 109 + 509. What is the hundreds digit of c?
6
Suppose 0 = 2*v - 2, 3*r - 3*v + 6*v - 54 = 0. Let h = r - 17. Suppose h = -5*j + 113 + 17. What is the tens digit of j?
2
Suppose -115*k - 63 = -124*k. What is the units digit of k?
7
Suppose 4*b - 1896 = -2*a, -11 = -4*a + 5. Suppose b = 4*c + 164. What is the units digit of c?
7
Let k(q) = 14*q + 30. Let a = -44 + 48. What is the tens digit of k(a)?
8
Let u be 1/10*4*-5. What is the hundreds digit of 909/9*(-1 - u)?
1
Let j(m) be the third derivative of -11*m**6/60 + m**5/15 + m**4/24 - 2*m**3/3 - 12*m**2. What is the tens digit of j(-2)?
8
Let z be (-7)/(-5) + (-10)/25. Let y be -4*2*z/(-4). Suppose -h = 2*n - 40, -y*n + 2*h = 7*h - 56. What is the tens digit of n?
1
Suppose u = -2*y + 7189, 7*y - 10*y + 5*u + 10790 = 0. What is the units digit of y?
5
Let i(p) = 34*p**2 + 11*p - 6. What is the tens digit of i(3)?
3
Let m = 19 - 19. Let q(x) = -x + 7. Let u be q(m). Let l(a) = -a**3 + 7*a**2 + 5*a - 13. What is the units digit of l(u)?
2
Suppose 1274 - 466 = 2*j. What is the units digit of ((j/8)/(-1))/((-1)/2)?
1
Suppose 8*x - 7*x + 31 = 0. Let q = x - -79. What is the units digit of q?
8
Let w(t) = t - 11. Let i be w(11). Suppose i = -4*k - m - 67 - 38, -2*k = -4*m + 48. What is the tens digit of (-16)/104 - 628/k?
2
Let r(t) = t**2 + 8*t + 15. Let n be r(-6). Suppose -s + 2 = 2*o, -n*o - s - 2*s = 0. What is the units digit of (-32)/(o + -2 - 1)?
2
Suppose -6688 = -7*l + 12779. What is the units digit of l?
1
Suppose 3*o + 5*z - 2 + 1 = 0, -3*o + 10 = -4*z. Suppose 190 = 2*u - 2*n - o*n, 461 = 5*u + 4*n. What is the tens digit of u?
9
What is the units digit of (464040/480)/(3/8)?
8
Suppose 2*b - 5 = -2*v + 3, -v - 16 = -3*b. Suppose 0*s - b*s + 230 = 0. Let z = s - 31. What is the units digit of z?
5
Suppose 3*d - 65 = -2*d. Let r = d + -11. Let m = 27 + r. What is the tens digit of m?
2
Suppose 0 = -0*m - 3*m + 9. Suppose -y - m*h + 363 = 2*y, y = -2*h + 126. What is the tens digit of y?
1
Suppose -10671 = -28*p + 3301. What is the hundreds digit of p?
4
Let u(w) = w**3 - 28*w**2 + 8*w + 92. What is the tens digit of u(28)?
1
Suppose 3*q - 9 = -3*d + 15, -5*q = -2*d - 12. Let w = -132 - -137. Suppose q = -z + w. What is the units digit of z?
1
Let m(y) = 278*y**2 + 34 - 136*y**2 - 140*y**2 + 13*y. What is the units digit of m(-7)?
1
Let p(b) = -b**2 - 27*b - 26. Let q be p(-26). Suppose -10*r + 3*r + 889 = q. What is the tens digit of r?
2
Suppose 2*a = -4*j - 10, 3*j + 2 = 2*a + 4*j. Suppose p + 3 + a = 0. Let d(u) = -2*u + 9. What is the tens digit of d(p)?
2
Let i be (2*6)/4 + -3. Suppose -s = -i*s - 24. Suppose l = -r + 30, -4*r + s = -3*r + 4*l. What is the tens digit of r?
3
Let y(r) = 7*r + 2. Let p be (-20)/(-6) - (-2)/3. Suppose 2 = p*f - 14. What is the units digit of y(f)?
0
Let a be 1/((9/(-15))/(-3)). Suppose 3*o - 315 = -5*d, -2*d - 155 = -a*d + 5*o. What is the tens digit of d?
6
Let h = 129 + 35. Suppose -2 = -j - 7, 2*k - 4*j = 24. Suppose -k*c = 2*s + c - 111, -h = -3*s - 2*c. What is the tens digit of s?
5
Let y(p) = 5*p - 12. Let q be y(5). Let z = q - 12. What is the units digit of (z - (0 - 1)) + 18?
0
Let c(b) = 291*b**2 - 5*b - 6. What is the units digit of c(-1)?
0
Suppose 4*f = 0, 3*y - 2*f - 10393 = -3976. What is the hundreds digit of y?
1
Let w(i) = i**2 + 2*i + 109. Let z(o) = o**2 + 5*o + 217. Let a(x) = 5*w(x) - 2*z(x). What is the tens digit of a(0)?
1
Let k be -1 - -5 - (3 - 3). Let d be 0/2 - (-10)/2. Suppose -y - 43 = -k*y - d*s, 3*y - 83 = 5*s. What is the tens digit of y?
2
Let k = 8 - 4. Suppose k*l - 101 - 123 = 0. What is the units digit of l?
6
Suppose 2*t = -0*s + 5*s - 8, -4 = -4*t. Let d = -4 - -7. Suppose -3*m = -s*z - 0*m + 14, 0 = -d*z + 2*m + 21. What is the units digit of z?
7
Let t(g) = -4*g**2 + g + 1. Let p be t(1). What is the units digit of ((-8)/p)/((-16)/(-152))?
8
What is the hundreds digit of (-2)/(-7) - ((-183150)/(-126))/(-5)?
2
Suppose -2*g + 5*s = -1011, 5*g + 4*s - 2440 = -s. What is the units digit of g?
3
Suppose -2*f + 0 + 4 = 0. Suppose -f*m = -129 - 123. Suppose -3*p - 3*w + m = 0, p = -3*w + 7 + 31. What is the units digit of p?
4
Let j(o) = o**2 + 12*o + 45. What is the hundreds digit of j(21)?
7
Suppose -13 = 3*i - 2*f, 0*i - 2*i + 4*f + 2 = 0. Let t be (-290)/50 - 1/5. What is the units digit of t*i/(21/2)?
4
Suppose 0 = f + 5, -4*f = 2*c - 3*c + 294. Let t = 546 - c. What is the units digit of t?
2
Suppose 4*x - 9 - 3 = -4*c, c + 4*x = 3. Suppose 175 = 3*z + 5*p, 0 = z + 4*z + c*p - 297. What is the units digit of z?
0
Let w = -1107 + 1210. What is the tens digit of w?
0
Let n = -166 + 270. Suppose 68 = 4*w - 5*o, 4*o = -0*w - 4*w + n. What is the tens digit of w?
2
What is the units digit of 1 - 254/(-3)*(-243)/(-54)?
2
Suppose -7 = 6*u - 43. Suppose 3*a - 774 = -3*w, 776 = 3*a + 8*w - u*w. What is the units digit of a?
0
Let k(y) = y**3 + 4*y**2 - 5*y + 6. Let p be (-46)/(-10) + (-8)/(-20). What is the tens digit of k(p)?
0
Suppose -4*c + 1565 = 5*i + c, -5*i = 4*c - 1567. What is the tens digit of i?
1
Let a = 1 - 1. Let d be ((-3)/(5 + -2))/1*-3. Suppose -2*o - d*o + 10 = a. What is the units digit of o?
2
What is the hundreds digit of -5 + (-44424)/(-60) - (-4)/(-10)?
7
Suppose 3*n - 378 - 294 = 0. Suppose -3*b = -1241 + n. What is the hundreds digit of b?
3
Let y(k) = 104*k + 83. What is the units digit of y(8)?
5
Suppose 0 = 11*z - 1821 - 1600. What is the tens digit of z?
1
Suppose 2*c = -c + 48. Let b = -19 - c. What is the units digit of b/(-6) - 4/(-24)?
6
Suppose 0 = 5*l + 5*l - 60. Suppose -5*w + t + 470 = 0, -l*w = -3*w + 2*t - 295. What is the units digit of w?
5
Suppose -3*s - 2 - 5 = d, -34 = -3*d + 2*s. Let c = 177 + d. What is the tens digit of c?
8
Suppose t - 3*t - 4*h = -1006, 5*t + h - 2488 = 0. What is the hundreds digit of t?
4
Let g = -13 + 14. Let o be (14 - 2) + 0 + g. Suppose o - 113 = -4*h. What is the units digit of h?
5
Let m(n) = n**2 - 7*n - 1. Let z be m(4). Let f(p) = -2*p + 8. Let o be f(z). Let t = o + -21. What is the units digit of t?
3
Let l(r) = 63*r**2 + 4*r - 16. What is the tens digit of l(-4)?
7
Let u = -590 + 1027. Suppose 3*i - 1184 = -u. What is the hundreds digit of i?
2
Let i(k) = 884*k - 58. What is the thousands digit of i(5)?
4
Let q(w) = -5*w**2 - 8*w - 9. Let x = -6 + 2. Let n(s) = 9*s**2 + 16*s + 17. Let g(u) = x*n(u) - 7*q(u). What is the units digit of g(-5)?
0
Let n(i) = -i**3 + 11*i**2 + 16*i - 38. Let a be n(12). Suppose 42 = -a*k + 1742. What is the units digit of k?
0
Let z = 986 + 169. What is the tens digit of z?
5
Suppose -5*h + 21 = -3*j, -j = -5*h - 0*h + 17. Suppose h*b + 3*f = -b + 17, -3*b + 12 = 3*f. Suppose -b*k + 11 - 1 = 0. What is the units digit of k?
2
Let o(c) = 10*c - 82. Let x be o(12). Suppo